9. What is c(h)?
-8
Let p(i) = -2*i - 3*i**2 + 0*i**2 + 2*i**2 - 2 - 3*i. Give p(-3).
4
Let y be 1*(-1 + (2 - 1)). Suppose 0 = -y*w + 4*w. Let n(s) = 105*s**3 - 1 - 204*s**3 + 98*s**3 + 4 + s**2. Calculate n(w).
3
Let h(c) = 3*c + 18. Let l(m) = -m - 6. Let v(k) = -2*h(k) - 7*l(k). Determine v(0).
6
Let y(o) = o. Let d(f) = 1. Let b(c) = -5*d(c) - 4*y(c). Calculate b(-6).
19
Suppose -2*b = -3*j - 6, 2*j - 7*j - 10 = 4*b. Let g(m) = 1 + 3*m + 2 - 3*m**2 + b - 4*m - m**3. Determine g(-3).
6
Let h(r) = r**2 + 2*r - 1. Let t(g) = g**2 + 3*g - 1. Let n(f) = -6*h(f) + 7*t(f). Let s(v) be the first derivative of n(v). Let j = 8 + -14. Calculate s(j).
-3
Suppose -2*x - 10 + 28 = 0. Let a = x + -24. Let h(p) = -p + 1. Let f(t) = 6*t - 4. Let m(c) = a*h(c) - 3*f(c). Calculate m(-3).
6
Let a(i) = i + 9. Let j be a(-7). Let d(h) = -16*h - 19*h + 36*h. Calculate d(j).
2
Let z(k) = -k**2 - 5*k - 3. Let t(o) = -2 - o + o - 7*o. Let r(d) = 20*d + 6. Let g(x) = -6*r(x) - 17*t(x). Let w be g(3). Give z(w).
-3
Let y(t) = -4*t. Let m be y(1). Let q(x) = 5*x - 2. Let u(j) = 9*j - 3. Let s(r) = m*u(r) + 7*q(r). Give s(-3).
1
Let i(r) = -5*r**3 - r**2 + 1. Suppose 3*s - 4 = 7*s. Let y be i(s). Let d(w) = w**2 - 6*w + 1. Determine d(y).
-4
Let a(t) = 9 + t + 0*t + t. Let c(g) = g**2 + 5*g - 2. Let y be c(-4). Determine a(y).
-3
Let z(q) = -4*q + 1. Let a(p) = p + 7. Let d be a(-9). Give z(d).
9
Let g(u) = u**3 - 5*u**2 + 2*u - 4. Suppose 5*a = 5*p + 10, 9*p = 4*p - 25. Let o be (8/6)/((-1)/a). Suppose -3*f - 5 = -o*f. Give g(f).
6
Let k be 2/(-3) + (-2)/(-3). Let w(x) = -6 - 3*x + 0*x + 2*x. What is w(k)?
-6
Suppose -3*n = -0*n - 6. Let y(a) = a + 7*a + a**3 + 0*a**n + 6*a**2 + 7. Let o be -15*(-1)/(-2)*2/3. Give y(o).
-8
Let k(o) = o**2 + o. Suppose -m = 5*w + 14, -2*m + 17 = -4*w + 3*m. What is k(w)?
6
Let p(g) = -g**2 - g + 1. Let i be p(3). Let y be 111/15 - 2/5. Let z = i + y. Let c(k) = -k**3 - 5*k**2 - 4*k + 4. What is c(z)?
4
Let p = -4 + 0. Suppose -2*a - 3*u = 0, -4*a + 0*u = u. Let b(m) = -4 - 4*m + 6 + a - m**2. Calculate b(p).
2
Suppose 3*h - 5*j - 12 = -2*j, -2*h - 2*j = -24. Let i(d) = d**2 - 6*d - 11. What is i(h)?
5
Let g(d) = -d**2 + 5*d - 3. Let u be g(4). Let l = u + 1. Let p(t) = 3*t - 1 + l*t - 7*t. Determine p(-3).
5
Let q = 2 - 2. Suppose 2*h - 6 + q = 0. Let v(l) be the first derivative of l**3/3 - l - 2. Determine v(h).
8
Let p(d) = 2*d - 5. Suppose 0 = -3*x + 7 + 11. Determine p(x).
7
Let b be (-7)/((-42)/(-8))*3. Let o(f) be the second derivative of 1/3*f**3 + 0 + f + 5/2*f**2. Determine o(b).
-3
Let j(k) = -k**3 + 6*k**2 + k + 2. Let n be 2/(-3) - (-20)/3. Calculate j(n).
8
Suppose -f - y - 3*y = 18, -5*y - 27 = -f. Let d(g) = -1 + g - 4*g**f + 2*g**2 - 2*g + 2*g. Let i = 0 + 1. Determine d(i).
-2
Let u(w) = -w**3 + 5*w**2 + 5*w + 5. Let j be u(6). Let b = -6 - -8. Let n(p) = -3 - 2*p**b + p**2 + 4 - 5*p**2 + 2*p. Calculate n(j).
-7
Let m(x) = -3*x - 1. Let l be 416/(-72) - 4/18. Determine m(l).
17
Let i(u) = -u**3 + 6*u**2 - 5*u + 1. Let a be i(5). Let m(l) = 4*l + 4. Let x(v) = -4*v - 3. Let r(q) = 2*m(q) + 3*x(q). Determine r(a).
-5
Let z(o) = 2*o**2 - 13*o + 9. Let c(h) = -h**2 + h - 1. Let r(q) = -3*c(q) - z(q). Determine r(-10).
-6
Let a(k) be the first derivative of k**3 - 4*k**2 - 16*k + 2. Let y be (2/(-3))/(5/15). Let p(b) = -b**2 + 3*b + 5. Let h(m) = y*a(m) - 7*p(m). Give h(6).
3
Let r(y) = -2*y**2 + 9*y + 1. Let k be r(5). Let p(c) = c**3 + 2*c**2 - 7*c - 5. Calculate p(k).
-9
Let t be 3 - 2 - 0/3. Let q = t - -3. Let p(x) be the third derivative of x**5/60 - x**4/12 - x**3/3 - 2*x**2. What is p(q)?
6
Let h = -10 + 6. Let d(l) = -3*l - 15. Let r(c) = c + 5. Let w be (-10 + 8)/((-2)/(-8)). Let f(g) = w*r(g) - 3*d(g). Determine f(h).
1
Let w be (0 - (2 + 0))/(-1). Suppose -w*s = 2*s - 4. Let t(m) = -21*m + 7. Let x(v) = 32*v - 11. Let q(i) = -8*t(i) - 5*x(i). What is q(s)?
7
Suppose 0 = c - 3*r - 3, r = -5*c + 3*c + 13. Let i = c - 4. Let b(k) = -10*k + 3*k - i + 5*k. Give b(-3).
4
Suppose -4*w + h - 22 = 0, -10 = -h + 6*h. Let s(k) = k**2 + 6*k + 4. Calculate s(w).
4
Suppose -2*p = 4*x, -p + 2*p + 6 = -5*x. Let u(l) = -2*l + l + p*l. Determine u(-1).
-3
Let g(y) = 0 - 2 - y**2 - 3*y - 4*y**2 + 4*y**2. Suppose -a = -5*a - 12. Give g(a).
-2
Let w(i) be the third derivative of i**4/6 - 2*i**2. Let a(o) = 3*o. Suppose -15 = 2*k - 7. Let b(m) = k*w(m) + 5*a(m). What is b(-4)?
4
Let j(s) be the third derivative of 1/24*s**4 - 1/30*s**5 - 3*s**2 + 0 + 0*s + 1/15*s**6 + 0*s**3. Give j(1).
7
Let j(x) be the second derivative of 0 + 0*x**2 + 1/6*x**4 - 1/2*x**3 + x. Determine j(2).
2
Suppose 0 = -3*u - u - 24. Let m = -12 - u. Let l(p) = -p**3 - 5*p**2 + 6*p - 7. Determine l(m).
-7
Let z(s) be the first derivative of -s**3/2 + s**2/2 - 3*s - 3. Let r(n) be the first derivative of z(n). Give r(-4).
13
Let p(o) be the first derivative of -o**3/3 + o**2/2 - 2*o + 1. Suppose f = -5*i - 25, 2*f - i - 5 = -3*f. Suppose f = 2*t + 3*t. Give p(t).
-2
Let b(a) = 37*a - 4 - 38*a + 3*a**2 + 3*a**2 - 5*a**2. Give b(3).
2
Let m(k) be the second derivative of -1/20*k**5 + 1/12*k**4 + 0 + 2*k**2 + 0*k**3 - 4*k. Give m(0).
4
Let y be -18*(2 - (-8)/(-6)). Let l be (-1)/6 + (-26)/y. Let j(w) = -w - 1. Let z(a) = -6*a - 7. Let b(n) = -14*j(n) + 2*z(n). Give b(l).
4
Let z be (3 - 3)/((-6)/(-2)). Suppose z*y - 5*c + 24 = 3*y, y = 2*c - 3. Let b(k) = 2*k - 2. Give b(y).
4
Let q(u) = 4*u - 3. Let d(p) = 11*p - 8. Let j(t) = 6*d(t) - 17*q(t). Suppose -z - 5*a = 13, 3 - 7 = 2*a. What is j(z)?
9
Let p(q) = 4*q - 3*q**2 + 7*q**2 + 0*q**3 - 2 - q**3. What is p(4)?
14
Let h(g) = -g - 6. Let u(v) = 2*v + 12. Let i(s) = 5*h(s) + 2*u(s). What is i(-6)?
0
Let b be -2 - (0 + -4) - (-3 + 1). Let p(m) = 4*m + 4. Give p(b).
20
Let t(p) be the second derivative of 5*p**4/12 + p**3/3 + p**2/2 + 6*p. Determine t(-1).
4
Let c(t) = -t**3 + t**2 + t - 1. Suppose -4*q = -f, q - 4*f = -4*q - 11. Let h be q/(2 + (-6)/4). Suppose 5 = -w - 4*g - 1, g = -h. What is c(w)?
-3
Let d(a) = -5*a - 58. Let t be d(-10). Let o(i) = -i**3 - 8*i**2 - i - 9. What is o(t)?
-1
Let k = 8 - -7. Suppose -3*c + 2*r = 4 - 15, 5*r = -c + k. Let q(w) = 3*w**2 - w**2 + c - 3*w**2 + 0*w**2 - 3*w. Determine q(-5).
-5
Suppose -14*p = -10*p - 8. Let d(h) = 0*h - 4 - h**2 + 7*h - p. Determine d(5).
4
Let p(d) = d**3 - 3*d**2 + 3*d - 8. Let f(y) = y**2 - y + 1. Let s(q) = -6*f(q) - p(q). Determine s(-4).
6
Let k(d) = 2*d**2 - d + 2. Let q(l) = l + 3. Let j(a) = -a**2 + 2*a + 7. Let h be j(5). Let v be q(h). Let x be 33/(-15) - 1/v. Determine k(x).
12
Let b(j) = -j**2 - 8*j + 1. Let i be (20/40)/((-1)/14). Determine b(i).
8
Suppose -11 - 1 = -4*u. Let b(n) = -3*n + 2. Give b(u).
-7
Suppose 5*d + 3*b + 15 = b, 2*d + 6 = 2*b. Let c(f) = 7*f + 2. Let t(v) = 3*v + 1. Let h(g) = 2*c(g) - 5*t(g). What is h(d)?
2
Let s(n) = -n**3 + 2*n**2 + 2. Let p be s(2). Let z(h) = p*h**2 - 4*h**2 + 7*h + 0*h + 4 - 4*h. Let m = 5 + -2. Determine z(m).
-5
Let l(m) = -m**2 - 2*m + 3. Suppose g + 4*k = -2, -5*g + 4 = 3*k - 20. Let w = -4 + g. What is l(w)?
-5
Suppose 0*u + 2*u - 8 = 0. Let o = 19 - 13. Let h(v) = 2*v - 1. Let y(n) = 5*n - 3. Let m(i) = o*y(i) - 14*h(i). Calculate m(u).
4
Suppose -106 + 26 = -5*i. Let l = i - 21. Let s(m) = m**2 + 5 + 3*m**2 - 5*m**2 - 4*m. Determine s(l).
0
Let d(h) = -h**2 - 2*h - 3. Let t(y) = -y**2 + 6*y - 2. Let b be t(6). Calculate d(b).
-3
Let v(k) = k**3 - 3*k**2 + 2*k - 1. Let b(g) = -3*g - 3. Let h = -4 + 2. Let n be b(h). Calculate v(n).
5
Let t(z) = 4*z**2 - 2*z - 6. Let d(y) = -y**2 + y + 1. Let q(o) = 6*d(o) + t(o). What is q(4)?
-16
Let b(z) = -z - 11. Let w be b(-13). Let k(v) = 2*v. Give k(w).
4
Let o(r) = -r**2 + 9*r + 12. Let c be o(10). Let b(y) be the second derivative of y**3 - c*y - 30*y**2 + 30*y**2. What is b(1)?
6
Let x(u) = -6*u**2 - 4*u. Let l(b) = -19*b**2 - 11*b. Let i(z) = -3*l(z) + 8*x(z). Calculate i(-1).
8
Let t(o) = -2*o**2 + 4*o - 5. Let l(i) = 3*i**2 - 8*i + 9. Let w(b) = 3*l(b) + 5*t(b). Give w(-6).
-10
Suppose 0*y + 18 = 3*y - 3*i, -5*y = 3*i + 10. Suppose y = -9*g + 8*g. Let m(h) be the third derivative of h**4/12 - h**3/6 + h**2. Give m(g).
-3
Let r = 452 - 456. Let o(i) = -6*i**2 + 2*i - 1. Suppose 0 = -3*u - 5 - 10. Let h(n) = 7*n**2 - 3*n + 1. Let k(x) = u